{"id":551,"date":"2022-11-16T16:05:57","date_gmt":"2022-11-16T15:05:57","guid":{"rendered":"https:\/\/guentherundwagner.de\/wagner\/?page_id=551"},"modified":"2024-02-08T18:37:41","modified_gmt":"2024-02-08T17:37:41","slug":"lehre","status":"publish","type":"page","link":"https:\/\/guentherundwagner.de\/wagner\/about\/lehre\/","title":{"rendered":"Lehre"},"content":{"rendered":"<p><img decoding=\"async\" src=\"\/wagner\/wp-content\/uploads\/sites\/3\/2022\/11\/Lehre-0749.jpg\" alt=\"\"><\/p>\n<div>\n<h6>Seminararbeit, Kreidezeichnung auf dem Campus vor dem IfK, Gie\u00dfen, 2016<\/h6>\n<\/div>\n<h1>\n<h3 style=\"text-align: left;\">Universit\u00e4re Lehre<\/h3>\n<\/h1>\n<div>\n<p>Seit 2016 <br \/>K\u00fcnstlerischer Mitarbeiter im Bereich Fotografie am Institut f\u00fcr Kunstp\u00e4dagogik der Justus-Liebig-Universit\u00e4t Gie\u00dfen<\/p>\n<p>WS 20\/21 bis SoSe 2021<strong><br \/><\/strong>Lehrbeauftragter f\u00fcr Fotografie an der Technischen Universit\u00e4t Dortmund am Seminar f\u00fcr Kunst und Kunstwissenschaft, <br \/>mit Ingke G\u00fcnther<\/p>\n<p>WS 2016\/17 + WS 2017\/18 <br \/>Lehrbeauftragter f\u00fcr Fotografie am Institut f\u00fcr Angewandte Theaterwissenschaft JLU Gie\u00dfen<\/p>\n<p>WS 2014\/15 bis SoSe 2016<br \/>als K\u00fcnstlerpaar mit Ingke G\u00fcnther Inhaber der Gastprofessur Kunst <br \/>im Bereich Transklassische k\u00fcnstlerische Medien am Institut f\u00fcr Kunstp\u00e4dagogik der JLU Gie\u00dfen <\/p>\n<p><\/p>\n<\/div>\n<hr>\n<p><img decoding=\"async\" src=\"\/wagner\/wp-content\/uploads\/sites\/3\/2022\/11\/Time-1433.jpg\" alt=\"\"><\/p>\n<h1>\n<h3 style=\"text-align: left;\">Workshops + Kunstprojekte<\/h3>\n<\/h1>\n<div>\n<p>September 2022<br \/><strong>Raus! Raus!<\/strong>, Interdisziplin\u00e4res Kunstprojekt am Gymnasium Michelstadt, mit <em>g\u00e4rtnerpflichten<\/em><\/p>\n<p>M\u00e4rz 2017<br \/><strong>Eine B\u00fchne f\u00fcr Ei und Brot<\/strong>, Workshop im Rahmen des Festival KUSS am Hessischen Landestheater Marburg, mit Ingke G\u00fcnther <\/p>\n<p>SoSe 2015 <br \/><strong>Die Perspektive der Kunst<\/strong>, Vortrag + Workshop am FB 09 im Bereich \u201eKommunikation und Beratung in den Agrar-, Ern\u00e4hrungs- und Umweltwissenschaften\u201c, Justus-Liebig-Universit\u00e4t Gie\u00dfen, mit Ingke G\u00fcnther<\/p>\n<p>WS 2014\/15 <br \/><strong>Forum Visuelle Kultur, MITTEL(N) MOBIL. Werkzeuge &amp; Vehikel k\u00fcnstlerischer Forschung und Vermittlung,<\/strong> <br \/>Workshop am Institut f\u00fcr Kunstp\u00e4dagogik der Goethe-Universit\u00e4t Frankfurt a. M., mit Jan Deck, Ingke G\u00fcnther, J\u00f6rg Thums, Diana Wesser<\/p>\n<p>WS 2013\/14 <br \/><strong>Mit Kreativit\u00e4t in die Kulturwirtschaft und Selbstst\u00e4ndigkeit? Interdisziplin\u00e4re Arbeitsfelder an der Schnittstelle zwischen Kultur und Wirtschaft,<\/strong> Workshop am International Graduate Centre for the Study of Culture (GCSC) der Justus-Liebig-Universit\u00e4t Gie\u00dfen, mit Manuela Weichenrieder<\/p>\n<p>2008 <br \/><strong>Arbeitsessen = Trainingslager,<\/strong> Workshop + Arbeitsessen zu Veranstaltungsdramaturgie und Formatentwicklung, Schader Stiftung, Darmstadt, mit Oliver Behnecke<\/p>\n<p>2008\/2009 <br \/><strong>A4:Farb:Segmente,<\/strong> Projekt mit Gefangenen der JVA Butzbach \u2013 Abteilung geschlossener Vollzug, mit Ingke G\u00fcnther<\/p>\n<p>2001\/2002 <br \/><strong>Knastkultur,<\/strong> Projekt mit Gefangenen der JVA Gie\u00dfen \u2013 Abteilung geschlossener Vollzug, mit Ingke G\u00fcnther<\/p>\n<p>1999 <br \/><strong>Raumfluchten,<\/strong> Projekt mit Gefangenen der JVA Gie\u00dfen \u2013 Abteilung geschlossener Vollzug, mit Ingke G\u00fcnther<\/p>\n<\/div>\n<hr>\n<h1>\n<h3><strong>Vortr\u00e4ge (Auswahl)<\/strong><\/h3>\n<\/h1>\n<div>\n<p>2024\u00a0<strong> \u201e\u00dcber die Notwendigkeit des Sammelns\u201c<\/strong>, am Institut f\u00fcr Kunstp\u00e4dagogik der Goethe-Universit\u00e4t Frankfurt a. M.<\/p>\n<p>2014\u00a0<strong> \u201eWie wird der Garten? Ein performativer Querbeetvortrag&#8220;<\/strong>, Vortragsreihe des Instituts f\u00fcr Botanik und des Botanischen Gartens, Justus-Liebig-Universit\u00e4t Gie\u00dfen<\/p>\n<p>2012 \u00a0<strong> \u201e\u00dcber das Risiko in der Kunst\u201c<\/strong>, Lecture Performance, Reihe 3&#215;7, Commerzbank Frankfurt a. M.<\/p>\n<p>2012\u00a0\u00a0<strong> \u201eDES G\u00c4RTNERS ERSTE PFLICHT: GIESSEN!\u201c<\/strong>, Vortrag zum Kongress \u201eAlles im gr\u00fcnen Bereich?!\u201c des Hessischen Wirtschaftsministeriums und der Stadt Bad Hersfeld zur Freiraumentwicklung in Hessen<\/p>\n<p>2009\u00a0\u00a0 <strong>\u201ePicknick, Kiosk, Abendbrot &#8211; Einblicke in die k\u00fcnstlerische Praxis\u201c<\/strong>, Vortrag am Institut f\u00fcr Kunst und Visuelle Kultur der Universit\u00e4t Oldenburg, 2009<\/p>\n<p>2007\u00a0\u00a0 <strong>\u201ePicknick als Kunstform\u201c<\/strong>, Vortrag zum Plateau \u201eZeitgen\u00f6ssische Kunst\u201c, Bundeskongress der Kunstp\u00e4dagogik, Universit\u00e4t Dortmund<\/p>\n<\/div>\n<p><!--more--><br \/>\n<!-- {\"type\":\"layout\",\"children\":[{\"type\":\"section\",\"props\":{\"image_position\":\"center-center\",\"style\":\"default\",\"title_breakpoint\":\"xl\",\"title_position\":\"top-left\",\"title_rotation\":\"left\",\"vertical_align\":\"middle\",\"width\":\"default\"},\"children\":[{\"type\":\"row\",\"children\":[{\"type\":\"column\",\"props\":{\"image_position\":\"center-center\",\"media_overlay_gradient\":\"\",\"position_sticky_breakpoint\":\"m\"},\"children\":[{\"type\":\"image\",\"props\":{\"image\":\"wp-content\\\/uploads\\\/sites\\\/3\\\/2022\\\/11\\\/Lehre-0749.jpg\",\"image_svg_color\":\"emphasis\",\"image_width\":\"600\",\"margin\":\"default\"}},{\"type\":\"text\",\"props\":{\"column_breakpoint\":\"m\",\"content\":\"\n\n<h6>Seminararbeit, Kreidezeichnung auf dem Campus vor dem IfK, Gie\\u00dfen, 2016<\\\/h6>\",\"margin\":\"default\"}},{\"type\":\"headline\",\"props\":{\"content\":\"\n\n<h3 style=\\\"text-align: left;\\\">Universit\\u00e4re Lehre<\\\/h3>\",\"title_element\":\"h1\"}},{\"type\":\"text\",\"props\":{\"column_breakpoint\":\"m\",\"content\":\"\n\n<p>Seit 2016 <br \\\/>K\\u00fcnstlerischer Mitarbeiter im Bereich Fotografie am Institut f\\u00fcr Kunstp\\u00e4dagogik der Justus-Liebig-Universit\\u00e4t Gie\\u00dfen<\\\/p>\\n\n\n<p>WS 20\\\/21 bis SoSe 2021<strong><br \\\/><\\\/strong>Lehrbeauftragter f\\u00fcr Fotografie an der Technischen Universit\\u00e4t Dortmund am Seminar f\\u00fcr Kunst und Kunstwissenschaft, <br \\\/>mit Ingke G\\u00fcnther<\\\/p>\\n\n\n<p>WS 2016\\\/17 + WS 2017\\\/18 <br \\\/>Lehrbeauftragter f\\u00fcr Fotografie am Institut f\\u00fcr Angewandte Theaterwissenschaft JLU Gie\\u00dfen<br \\\/><br \\\/>WS 2014\\\/15 bis SoSe 2016<br \\\/>als K\\u00fcnstlerpaar mit Ingke G\\u00fcnther Inhaber der Gastprofessur Kunst <br \\\/>im Bereich Transklassische k\\u00fcnstlerische Medien am Institut f\\u00fcr Kunstp\\u00e4dagogik der JLU Gie\\u00dfen <br \\\/><br \\\/><br \\\/><\\\/p>\",\"margin\":\"default\"}},{\"type\":\"divider\",\"props\":{\"divider_element\":\"hr\"}},{\"type\":\"image\",\"props\":{\"image\":\"wp-content\\\/uploads\\\/sites\\\/3\\\/2022\\\/11\\\/Time-1433.jpg\",\"image_svg_color\":\"emphasis\",\"image_width\":\"600\",\"margin\":\"default\"}},{\"type\":\"headline\",\"props\":{\"content\":\"\n\n<h3 style=\\\"text-align: left;\\\">Workshops + Kunstprojekte<\\\/h3>\",\"title_element\":\"h1\"}},{\"type\":\"text\",\"props\":{\"column_breakpoint\":\"m\",\"content\":\"\n\n<p>September 2022<br \\\/><strong>Raus! Raus!<\\\/strong>, Interdisziplin\\u00e4res Kunstprojekt am Gymnasium Michelstadt, mit <em>g\\u00e4rtnerpflichten<\\\/em><\\\/p>\\n\n\n<p>M\\u00e4rz 2017<br \\\/><strong>Eine B\\u00fchne f\\u00fcr Ei und Brot<\\\/strong>, Workshop im Rahmen des Festival KUSS am Hessischen Landestheater Marburg, mit Ingke G\\u00fcnther <br \\\/><br \\\/>SoSe 2015 <br \\\/><strong>Die Perspektive der Kunst<\\\/strong>, Vortrag + Workshop am FB 09 im Bereich \\u201eKommunikation und Beratung in den Agrar-, Ern\\u00e4hrungs- und Umweltwissenschaften\\u201c, Justus-Liebig-Universit\\u00e4t Gie\\u00dfen, mit Ingke G\\u00fcnther<br \\\/><br \\\/>WS 2014\\\/15 <br \\\/><strong>Forum Visuelle Kultur, MITTEL(N) MOBIL. Werkzeuge &amp; Vehikel k\\u00fcnstlerischer Forschung und Vermittlung,<\\\/strong> <br \\\/>Workshop am Institut f\\u00fcr Kunstp\\u00e4dagogik der Goethe-Universit\\u00e4t Frankfurt a. M., mit Jan Deck, Ingke G\\u00fcnther, J\\u00f6rg Thums, Diana Wesser<br \\\/><br \\\/>WS 2013\\\/14 <br \\\/><strong>Mit Kreativit\\u00e4t in die Kulturwirtschaft und Selbstst\\u00e4ndigkeit? Interdisziplin\\u00e4re Arbeitsfelder an der Schnittstelle zwischen Kultur und Wirtschaft,<\\\/strong> Workshop am International Graduate Centre for the Study of Culture (GCSC) der Justus-Liebig-Universit\\u00e4t Gie\\u00dfen, mit Manuela Weichenrieder<br \\\/><br \\\/>2008 <br \\\/><strong>Arbeitsessen = Trainingslager,<\\\/strong> Workshop + Arbeitsessen zu Veranstaltungsdramaturgie und Formatentwicklung, Schader Stiftung, Darmstadt, mit Oliver Behnecke<\\\/p>\\n\n\n<p>2008\\\/2009 <br \\\/><strong>A4:Farb:Segmente,<\\\/strong> Projekt mit Gefangenen der JVA Butzbach \\u2013 Abteilung geschlossener Vollzug, mit Ingke G\\u00fcnther<br \\\/><br \\\/>2001\\\/2002 <br \\\/><strong>Knastkultur,<\\\/strong> Projekt mit Gefangenen der JVA Gie\\u00dfen \\u2013 Abteilung geschlossener Vollzug, mit Ingke G\\u00fcnther<br \\\/><br \\\/>1999 <br \\\/><strong>Raumfluchten,<\\\/strong> Projekt mit Gefangenen der JVA Gie\\u00dfen \\u2013 Abteilung geschlossener Vollzug, mit Ingke G\\u00fcnther<\\\/p>\",\"margin\":\"default\"}},{\"type\":\"divider\",\"props\":{\"divider_element\":\"hr\"}},{\"type\":\"headline\",\"props\":{\"content\":\"\n\n<h3><strong>Vortr\\u00e4ge (Auswahl)<\\\/strong><\\\/h3>\",\"title_element\":\"h1\"}},{\"type\":\"text\",\"props\":{\"column_breakpoint\":\"m\",\"content\":\"\n\n<p>2024\\u00a0<strong> \\u201e\\u00dcber die Notwendigkeit des Sammelns\\u201c<\\\/strong>, am Institut f\\u00fcr Kunstp\\u00e4dagogik der Goethe-Universit\\u00e4t Frankfurt a. M.<\\\/p>\\n\n\n<p>2014\\u00a0<strong> \\u201eWie wird der Garten? Ein performativer Querbeetvortrag\\\"<\\\/strong>, Vortragsreihe des Instituts f\\u00fcr Botanik und des Botanischen Gartens, Justus-Liebig-Universit\\u00e4t Gie\\u00dfen<\\\/p>\\n\n\n<p>2012 \\u00a0<strong> \\u201e\\u00dcber das Risiko in der Kunst\\u201c<\\\/strong>, Lecture Performance, Reihe 3x7, Commerzbank Frankfurt a. M.<\\\/p>\\n\n\n<p>2012\\u00a0\\u00a0<strong> \\u201eDES G\\u00c4RTNERS ERSTE PFLICHT: GIESSEN!\\u201c<\\\/strong>, Vortrag zum Kongress \\u201eAlles im gr\\u00fcnen Bereich?!\\u201c des Hessischen Wirtschaftsministeriums und der Stadt Bad Hersfeld zur Freiraumentwicklung in Hessen<\\\/p>\\n\n\n<p>2009\\u00a0\\u00a0 <strong>\\u201ePicknick, Kiosk, Abendbrot - Einblicke in die k\\u00fcnstlerische Praxis\\u201c<\\\/strong>, Vortrag am Institut f\\u00fcr Kunst und Visuelle Kultur der Universit\\u00e4t Oldenburg, 2009<\\\/p>\\n\n\n<p>2007\\u00a0\\u00a0 <strong>\\u201ePicknick als Kunstform\\u201c<\\\/strong>, Vortrag zum Plateau \\u201eZeitgen\\u00f6ssische Kunst\\u201c, Bundeskongress der Kunstp\\u00e4dagogik, Universit\\u00e4t Dortmund<\\\/p>\",\"margin\":\"default\"}}]}]}]}],\"version\":\"3.0.18\"} --><\/p>\n","protected":false},"excerpt":{"rendered":"<p>Seminararbeit, Kreidezeichnung auf dem Campus vor dem IfK, Gie\u00dfen, 2016 Universit\u00e4re Lehre Seit 2016 K\u00fcnstlerischer Mitarbeiter im Bereich Fotografie am Institut f\u00fcr Kunstp\u00e4dagogik der Justus-Liebig-Universit\u00e4t Gie\u00dfen WS 20\/21 bis SoSe 2021Lehrbeauftragter f\u00fcr Fotografie an der Technischen Universit\u00e4t Dortmund am Seminar f\u00fcr Kunst und Kunstwissenschaft, mit Ingke G\u00fcnther WS 2016\/17 + WS 2017\/18 Lehrbeauftragter f\u00fcr Fotografie [&hellip;]<\/p>\n","protected":false},"author":2,"featured_media":0,"parent":215,"menu_order":0,"comment_status":"closed","ping_status":"closed","template":"","meta":{"footnotes":""},"class_list":["post-551","page","type-page","status-publish","hentry"],"_links":{"self":[{"href":"https:\/\/guentherundwagner.de\/wagner\/wp-json\/wp\/v2\/pages\/551","targetHints":{"allow":["GET"]}}],"collection":[{"href":"https:\/\/guentherundwagner.de\/wagner\/wp-json\/wp\/v2\/pages"}],"about":[{"href":"https:\/\/guentherundwagner.de\/wagner\/wp-json\/wp\/v2\/types\/page"}],"author":[{"embeddable":true,"href":"https:\/\/guentherundwagner.de\/wagner\/wp-json\/wp\/v2\/users\/2"}],"replies":[{"embeddable":true,"href":"https:\/\/guentherundwagner.de\/wagner\/wp-json\/wp\/v2\/comments?post=551"}],"version-history":[{"count":10,"href":"https:\/\/guentherundwagner.de\/wagner\/wp-json\/wp\/v2\/pages\/551\/revisions"}],"predecessor-version":[{"id":1455,"href":"https:\/\/guentherundwagner.de\/wagner\/wp-json\/wp\/v2\/pages\/551\/revisions\/1455"}],"up":[{"embeddable":true,"href":"https:\/\/guentherundwagner.de\/wagner\/wp-json\/wp\/v2\/pages\/215"}],"wp:attachment":[{"href":"https:\/\/guentherundwagner.de\/wagner\/wp-json\/wp\/v2\/media?parent=551"}],"curies":[{"name":"wp","href":"https:\/\/api.w.org\/{rel}","templated":true}]}}